{"id":3008,"date":"2026-08-19T15:00:05","date_gmt":"2026-08-19T13:00:05","guid":{"rendered":"https:\/\/magvdpphotographie.com\/?page_id=3008"},"modified":"2026-08-19T15:00:35","modified_gmt":"2026-08-19T13:00:35","slug":"les-petits-precieux","status":"publish","type":"page","link":"https:\/\/magvdpphotographie.com\/?page_id=3008","title":{"rendered":"Les petits pr\u00e9cieux"},"content":{"rendered":"\n<h5 class=\"has-text-align-center\">\u00ab\u00a0Le plus grand bonheur porte parfois de minuscules chaussettes.\u00a0\u00bb<\/h5>\n\n\n\n<p class=\"has-text-align-right\">~~ Anonyme<\/p>\n\n\n\n<p class=\"has-text-align-center\">Pendant la premi\u00e8re ann\u00e9e de vie, nos b\u00e9b\u00e9s changent \u00e0 une vitesse folle.<\/p>\n\n\n\n<p class=\"has-text-align-center\">Un jour ils d\u00e9couvrent leurs pieds, quelques semaines plus tard ils tiennent assis, puis viennent les premiers sourires, les \u00e9clats de rire et cette petite personnalit\u00e9 qui s&rsquo;affirme un peu plus chaque jour&#8230;<\/p>\n\n\n\n<p class=\"has-text-align-center\">C&rsquo;est pour c\u00e9l\u00e9brer cette p\u00e9riode si pr\u00e9cieuse que j&rsquo;ai imagin\u00e9 \u00ab\u00a0Les petits pr\u00e9cieux\u00a0\u00bb. <img decoding=\"async\" loading=\"lazy\" height=\"16\" width=\"16\" alt=\"\ud83e\udd0d\" src=\"https:\/\/static.xx.fbcdn.net\/images\/emoji.php\/v9\/tc5\/1\/16\/1f90d.png\"><\/p>\n\n\n\n<p class=\"has-text-align-center\">Une s\u00e9ance pens\u00e9e sp\u00e9cialement pour les b\u00e9b\u00e9s de 6 \u00e0 12 mois, dans un d\u00e9cor sobre et intemporel, o\u00f9 toute l&rsquo;attention est port\u00e9e sur votre enfant.<\/p>\n\n\n\n<p class=\"has-text-align-center\">N&rsquo;h\u00e9sitez plus!<\/p>\n\n\n\n<h5 class=\"has-text-align-center\">L&rsquo;exp\u00e9rience comprend:<\/h5>\n\n\n\n<p class=\"has-text-align-center\">==&gt; prises de contact et r\u00e9ponses \u00e0 toutes vos questions<\/p>\n\n\n\n<p class=\"has-text-align-center\">==&gt; pr\u00e9paration du contrat<\/p>\n\n\n\n<p class=\"has-text-align-center\">==&gt; conseils vestimentaires<\/p>\n\n\n\n<p class=\"has-text-align-center\">==&gt; pr\u00e9paration du studio<\/p>\n\n\n\n<p class=\"has-text-align-center\">==> accueil, boissons, friandises<\/p>\n\n\n\n<p class=\"has-text-align-center\">==> pr\u00eat d&rsquo;accessoires, tenues<\/p>\n\n\n\n<p class=\"has-text-align-center\">==> temps de prise de vues (30min)<\/p>\n\n\n\n<p class=\"has-text-align-center\">==&gt; premier tri des photos<\/p>\n\n\n\n<p class=\"has-text-align-center\">==&gt; envoi d&rsquo;une galerie pour faire votre choix de photos<\/p>\n\n\n\n<p class=\"has-text-align-center\">==&gt; post traitement et t\u00e9l\u00e9chargement des photos en HD en couleurs ET en noir et blanc<\/p>\n\n\n\n<p class=\"has-text-align-center\">==&gt; possibilit\u00e9 de commander des supports papiers qui vous auront \u00e9t\u00e9 pr\u00e9sent\u00e9s<\/p>\n\n\n\n<p class=\"has-text-align-center\">Pour plus d&rsquo;informations, <a href=\"https:\/\/magvdpphotographie.com\/?page_id=9\">contactez moi<\/a>.<\/p>\n\n\n\n<figure class=\"wp-block-image size-full\"><img decoding=\"async\" src=\"https:\/\/magvdpphotographie.com\/wp-content\/uploads\/2026\/08\/les-petits-precieux.jpg\" alt=\"\" class=\"wp-image-3009\"\/><\/figure>\n\n\n\n<figure class=\"wp-block-image size-full\"><img decoding=\"async\" src=\"https:\/\/magvdpphotographie.com\/wp-content\/uploads\/2026\/08\/options-4.jpg\" alt=\"\" class=\"wp-image-2981\"\/><\/figure>\n\n\n\n<figure class=\"wp-block-image size-full\"><img decoding=\"async\" src=\"https:\/\/magvdpphotographie.com\/wp-content\/uploads\/2026\/08\/A58A2870nb.jpg\" alt=\"\" class=\"wp-image-3010\"\/><\/figure>\n\n\n\n<figure class=\"wp-block-image size-full\"><img decoding=\"async\" src=\"https:\/\/magvdpphotographie.com\/wp-content\/uploads\/2026\/08\/A58A2917.jpg\" alt=\"\" class=\"wp-image-3012\"\/><\/figure>\n\n\n\n<figure class=\"wp-block-image size-full\"><img decoding=\"async\" src=\"https:\/\/magvdpphotographie.com\/wp-content\/uploads\/2026\/08\/A58A2904nb.jpg\" alt=\"\" class=\"wp-image-3011\"\/><\/figure>\n\n\n\n<figure class=\"wp-block-image size-full\"><img decoding=\"async\" src=\"https:\/\/magvdpphotographie.com\/wp-content\/uploads\/2026\/08\/A58A2894.jpg\" alt=\"\" class=\"wp-image-3013\"\/><\/figure>\n","protected":false},"excerpt":{"rendered":"<p>\u00ab\u00a0Le plus grand bonheur porte parfois de minuscules chaussettes.\u00a0\u00bb ~~ Anonyme Pendant la premi\u00e8re ann\u00e9e de vie, nos b\u00e9b\u00e9s changent \u00e0 une vitesse folle. Un jour ils d\u00e9couvrent leurs pieds, quelques semaines plus tard ils tiennent assis, puis viennent les premiers sourires, les \u00e9clats de rire et cette petite personnalit\u00e9 qui s&rsquo;affirme un peu plus &hellip; <\/p>\n","protected":false},"author":1,"featured_media":0,"parent":18,"menu_order":0,"comment_status":"closed","ping_status":"closed","template":"","meta":[],"_links":{"self":[{"href":"https:\/\/magvdpphotographie.com\/index.php?rest_route=\/wp\/v2\/pages\/3008"}],"collection":[{"href":"https:\/\/magvdpphotographie.com\/index.php?rest_route=\/wp\/v2\/pages"}],"about":[{"href":"https:\/\/magvdpphotographie.com\/index.php?rest_route=\/wp\/v2\/types\/page"}],"author":[{"embeddable":true,"href":"https:\/\/magvdpphotographie.com\/index.php?rest_route=\/wp\/v2\/users\/1"}],"replies":[{"embeddable":true,"href":"https:\/\/magvdpphotographie.com\/index.php?rest_route=%2Fwp%2Fv2%2Fcomments&post=3008"}],"version-history":[{"count":1,"href":"https:\/\/magvdpphotographie.com\/index.php?rest_route=\/wp\/v2\/pages\/3008\/revisions"}],"predecessor-version":[{"id":3015,"href":"https:\/\/magvdpphotographie.com\/index.php?rest_route=\/wp\/v2\/pages\/3008\/revisions\/3015"}],"up":[{"embeddable":true,"href":"https:\/\/magvdpphotographie.com\/index.php?rest_route=\/wp\/v2\/pages\/18"}],"wp:attachment":[{"href":"https:\/\/magvdpphotographie.com\/index.php?rest_route=%2Fwp%2Fv2%2Fmedia&parent=3008"}],"curies":[{"name":"wp","href":"https:\/\/api.w.org\/{rel}","templated":true}]}}

Les petits précieux

<h5 class="has-text-align-center">« Le plus grand bonheur porte parfois de minuscules chaussettes. »</h5>



<p class="has-text-align-right">~~ Anonyme</p>



<p class="has-text-align-center">Pendant la première année de vie, nos bébés changent à une vitesse folle.</p>



<p class="has-text-align-center">Un jour ils découvrent leurs pieds, quelques semaines plus tard ils tiennent assis, puis viennent les premiers sourires, les éclats de rire et cette petite personnalité qui s&rsquo;affirme un peu plus chaque jour&#8230;</p>



<p class="has-text-align-center">C&rsquo;est pour célébrer cette période si précieuse que j&rsquo;ai imaginé « Les petits précieux ». <img decoding="async" loading="lazy" height="16" width="16" alt="🤍" src="https://static.xx.fbcdn.net/images/emoji.php/v9/tc5/1/16/1f90d.png"></p>



<p class="has-text-align-center">Une séance pensée spécialement pour les bébés de 6 à 12 mois, dans un décor sobre et intemporel, où toute l&rsquo;attention est portée sur votre enfant.</p>



<p class="has-text-align-center">N&rsquo;hésitez plus!</p>



<h5 class="has-text-align-center">L&rsquo;expérience comprend:</h5>



<p class="has-text-align-center">==&gt; prises de contact et réponses à toutes vos questions</p>



<p class="has-text-align-center">==&gt; préparation du contrat</p>



<p class="has-text-align-center">==&gt; conseils vestimentaires</p>



<p class="has-text-align-center">==&gt; préparation du studio</p>



<p class="has-text-align-center">==> accueil, boissons, friandises</p>



<p class="has-text-align-center">==> prêt d&rsquo;accessoires, tenues</p>



<p class="has-text-align-center">==> temps de prise de vues (30min)</p>



<p class="has-text-align-center">==&gt; premier tri des photos</p>



<p class="has-text-align-center">==&gt; envoi d&rsquo;une galerie pour faire votre choix de photos</p>



<p class="has-text-align-center">==&gt; post traitement et téléchargement des photos en HD en couleurs ET en noir et blanc</p>



<p class="has-text-align-center">==&gt; possibilité de commander des supports papiers qui vous auront été présentés</p>



<p class="has-text-align-center">Pour plus d&rsquo;informations, <a href="https://magvdpphotographie.com/?page_id=9">contactez moi</a>.</p>



<figure class="wp-block-image size-full"><img decoding="async" src="https://magvdpphotographie.com/wp-content/uploads/2026/08/les-petits-precieux.jpg" alt="" class="wp-image-3009"/></figure>



<figure class="wp-block-image size-full"><img decoding="async" src="https://magvdpphotographie.com/wp-content/uploads/2026/08/options-4.jpg" alt="" class="wp-image-2981"/></figure>



<figure class="wp-block-image size-full"><img decoding="async" src="https://magvdpphotographie.com/wp-content/uploads/2026/08/A58A2870nb.jpg" alt="" class="wp-image-3010"/></figure>



<figure class="wp-block-image size-full"><img decoding="async" src="https://magvdpphotographie.com/wp-content/uploads/2026/08/A58A2917.jpg" alt="" class="wp-image-3012"/></figure>



<figure class="wp-block-image size-full"><img decoding="async" src="https://magvdpphotographie.com/wp-content/uploads/2026/08/A58A2904nb.jpg" alt="" class="wp-image-3011"/></figure>



<figure class="wp-block-image size-full"><img decoding="async" src="https://magvdpphotographie.com/wp-content/uploads/2026/08/A58A2894.jpg" alt="" class="wp-image-3013"/></figure>

<p>« Le plus grand bonheur porte parfois de minuscules chaussettes. » ~~ Anonyme Pendant la première année de vie, nos bébés changent à une vitesse folle. Un jour ils découvrent leurs pieds, quelques semaines plus tard ils tiennent assis, puis viennent les premiers sourires, les éclats de rire et cette petite personnalité qui s&rsquo;affirme un peu plus &hellip; </p>
